s the highest common divisor of m and 21?
21
Suppose 0 = 4*h - 2*h + m - 20, -3*h = 3*m - 30. Calculate the highest common factor of 2 and h.
2
Let g be (-2)/(-10) - (-684)/30. Let h = 8 + g. Suppose -d + 5*u + h + 49 = 0, 4*u - 160 = -2*d. What is the greatest common divisor of 32 and d?
16
Suppose 3*y - 45 = 24. Let w = -1 + y. What is the greatest common divisor of 198 and w?
22
Suppose c + 90 = 3*c. Calculate the greatest common divisor of c and 18.
9
Suppose -18 = -2*s + 3*s - 4*o, -3*o = s - 17. Suppose 29 - 3 = 2*c - 4*r, -4*c + 28 = -s*r. Calculate the greatest common divisor of 45 and c.
5
Let i be 21*-12*5/(-14). Suppose -3*g = -4*f + g + 56, g = 5*f - 54. What is the greatest common factor of f and i?
10
Let f be 2 + 73 + 1 + -4. Calculate the highest common factor of f and 9.
9
Suppose 24*q - 1620 = 20*q. Calculate the highest common divisor of q and 45.
45
Let r = -3 + 3. Suppose z = r, 2*m + 0*m = -z + 30. Calculate the highest common factor of 10 and m.
5
Let h(k) = -k**2 + 10*k + 26. Let q be h(12). Calculate the greatest common factor of q and 1.
1
Suppose 5*w - 9*w = -8. Calculate the highest common factor of 10 and w.
2
Let t be (-4)/(-2 + (-32)/(-18)). Let k = t - 15. What is the greatest common factor of 2 and k?
1
Suppose 3*q - 8*q = 0. Let r(a) = -a**2 + 12. Let p be r(q). Calculate the greatest common factor of p and 132.
12
Let s be (2/(-4))/((28/120)/(-7)). What is the highest common factor of s and 135?
15
Suppose 4*i + 28 = 3*i + 4*z, -3*i + z - 51 = 0. Let l = 24 + i. What is the highest common factor of l and 8?
8
Let p(i) = i**3 + 20*i**2 + 17*i - 16. Let z be p(-19). Calculate the greatest common divisor of 22 and z.
22
Let j(t) = -t + 1. Let x be j(-8). Suppose -2*v + x = 3*z - 39, 2*z - 3*v - 45 = 0. What is the greatest common factor of 2 and z?
2
Let y be (-126)/(-24) + (-2)/8. Suppose -y*s = -3*s + 2*f - 16, 3*s - 2*f + 1 = 0. Suppose 0 = m + s - 11. Calculate the greatest common factor of 64 and m.
8
Suppose -9*z + 274 = 13. What is the greatest common divisor of z and 203?
29
Let f(t) = -t**3 - 2*t**2 + 6*t + 6. Let b be f(-4). Let q(u) = -30*u - 2. Let p be q(-1). Calculate the greatest common divisor of b and p.
14
Suppose -2*l + 8 = -22. What is the greatest common factor of 30 and l?
15
Let o be (2 - -2)*10/(-4). Let q = -5 - o. Suppose 0 = -4*j + 3*f + 31, 0 = -4*f - f - q. Calculate the highest common divisor of j and 49.
7
Suppose 7*a - 8 = 20. Calculate the highest common factor of 92 and a.
4
Suppose h - 8 = -r, 3*h + r - 24 = -r. Suppose h = q - 0*q. What is the greatest common factor of 8 and q?
8
Suppose 86 = 5*r + 2*o, 5*o + 0 = -r + 31. Let k = -22 - -38. What is the highest common factor of r and k?
16
Let t be 9*((-9)/3)/(-1). Calculate the highest common factor of 297 and t.
27
Let q(u) = u**2 - 3*u - 5. Let o(j) = j**2 - 3*j - 5. Let w(c) = -2*o(c) + 3*q(c). Let f be w(8). What is the highest common factor of f and 7?
7
Let l be 227 + (0 - 0) + -2. Suppose -l = -4*q + 63. What is the highest common factor of 18 and q?
18
Let h = 10 + -6. Let a = h - 2. What is the highest common factor of a and 8?
2
Suppose 154 = 3*f + 10. Calculate the highest common divisor of 6 and f.
6
Suppose -2*d + 6 = -0*d. Suppose -o = -2*v - 3*v + d, o - 3 = 2*v. Calculate the highest common factor of 35 and o.
7
Let b = 130 - 92. Let j(w) = 3*w**2 + 4*w + 40. Let y be j(-5). What is the highest common factor of y and b?
19
Suppose 0 = -5*i + 58 - 23. What is the greatest common factor of 7 and i?
7
Let h be (4/3)/((-2)/(-135)). What is the greatest common factor of h and 10?
10
Suppose 16*x - 4396 = 212. Calculate the greatest common divisor of 32 and x.
32
Suppose -5*u = 5*o - 125, 2*u = -1 - 1. What is the highest common divisor of 78 and o?
26
Let d be 1/4 + (-300)/(-16). Suppose 0 = 5*r - 4*s - 25 - 54, -3*r + s + 53 = 0. Calculate the highest common divisor of d and r.
19
Let o be ((-4)/3)/((-8)/12). Suppose o*r = -r. Let a be (-6 - -24) + -2 + r. Calculate the highest common factor of 24 and a.
8
Suppose -4*s + 2 = -6. Suppose h - s = 1. Let c be 10/(2*h/12). Calculate the greatest common factor of 10 and c.
10
Let f be (15/(-2))/((-1)/12). Let r = 139 - 129. What is the highest common factor of f and r?
10
Let z = 7 - 5. Suppose c - z*c = -16. Suppose 2*v = 6*v - 8. Calculate the highest common factor of v and c.
2
Suppose -4*u = -0 - 12. Suppose -s + 20*s - 399 = 0. Calculate the greatest common factor of u and s.
3
Let f(h) = -h**3 + 5*h**2 + 2*h - 6. Let t be f(3). Let r = -16 + t. What is the highest common factor of r and 14?
2
Suppose 55*s - 50*s = 30. What is the greatest common factor of 27 and s?
3
Let s = 41 + -14. Suppose 0 = 3*r + 4*y + 28, -3*y = 3*r - 6*r. Let h = 22 + r. What is the greatest common divisor of h and s?
9
Let x be (-384)/(-24)*(-5)/(-4). Calculate the greatest common factor of 20 and x.
20
Let c be 52/6 + 4/(-6). Let f be (-2)/c - 573/(-4). Calculate the greatest common factor of f and 13.
13
Let s = 4 + -2. Suppose -s*m + 63 = 23. What is the highest common factor of m and 10?
10
Let j be (-4 - 20/(-8))*-4. Calculate the highest common factor of 12 and j.
6
Let x = -19 - -29. Let q be ((-6)/4 - -1)*-40. Calculate the greatest common divisor of x and q.
10
Let v = -15 + 33. What is the greatest common divisor of 18 and v?
18
Let a = -67 - -115. Suppose 0*b = 3*b - 30. Let m be ((-6)/5)/((-1)/b). What is the highest common factor of a and m?
12
Let f(g) = g**2 - 2*g - 3. Let b be f(3). Suppose 3*x - 2*k - 3*k - 70 = b, k + 62 = 3*x. Calculate the highest common divisor of 8 and x.
4
Suppose 0 = 6*g - 3*g - 258. Let d be 3/(-9) + g/6. Let o = -33 + 54. Calculate the highest common divisor of o and d.
7
Suppose -8 = -y - 2*b, -3*y + 12 + 10 = 5*b. Suppose 5*k = -5*w + y + 31, 2*w = 5*k - 28. What is the greatest common divisor of k and 30?
6
Let q be 16/(-6)*(-6)/(-4). Let p(o) = -2*o - 3. Let h be p(q). Let z = h + -3. What is the highest common factor of z and 2?
2
Let b(t) = 2*t - 7. Let d be b(7). Let p = 24 - d. What is the greatest common divisor of 85 and p?
17
Let n = -9 + 12. Suppose -2*i = 4*l - 4*i - 84, 5*i + 63 = 3*l. Calculate the highest common factor of l and n.
3
Suppose -5*b = -35 + 10. Suppose -v = b*a - 21, 2*v - 3*v = a - 1. Let h be (v + 2 - -3) + 64. What is the highest common factor of 26 and h?
13
Let q(c) = c**2 + 11*c - 34. Let b be q(-15). Calculate the highest common divisor of 13 and b.
13
Let d(h) = -4*h**2 + 5*h + 2. Let j(a) = 3*a**2 - 5*a - 2. Let o(g) = 2*d(g) + 3*j(g). Let k be o(6). Calculate the greatest common divisor of k and 16.
4
Let h = 111 - 63. What is the greatest common divisor of h and 12?
12
Let m = 50 + -34. Suppose l + m = 2*l. Calculate the greatest common divisor of 8 and l.
8
Suppose -3*h = -5*o + 1, 4*h = -0*h - 3*o - 11. Let v(g) = -6*g**3 - 2*g**2 + 3*g + 2. Let d be v(h). Calculate the greatest common divisor of d and 9.
9
Suppose -5*z + 193 = -357. Calculate the greatest common factor of z and 10.
10
Let h = 15 + -5. Let w(b) = 10*b - 15. Let y be w(2). Calculate the highest common divisor of h and y.
5
Let a = 1 - -4. Suppose -3*q - a = -41. What is the greatest common factor of 8 and q?
4
Suppose g - 5*g = -12. What is the greatest common factor of g and 24?
3
Let j(q) = -27*q - 1. Let c be j(-1). What is the greatest common divisor of c and 65?
13
Let v(z) = 4*z**2 + z - 2. Let b be v(-2). What is the greatest common factor of b and 48?
12
Let t = 47 - 26. Calculate the greatest common factor of t and 84.
21
Let p be (-1)/2*(47 + 1). Let i be -4 + 11/((-22)/p). What is the highest common factor of i and 16?
8
Suppose -240 = 3*w + w. Let t be w/(-9)*90/4. Suppose 5*x = -4*k + 215 + 35, 3*x - 5*k = t. What is the greatest common factor of x and 10?
10
Let q = 27 + -12. Suppose -8*p = -5*p - 315. Calculate the highest common divisor of p and q.
15
Suppose -5*l - 40 = -7*l. Calculate the greatest common divisor of 220 and l.
20
Let g(b) be the third derivative of b**6/120 + b**5/12 - b**4/12 - 2*b**3/3 - 2*b**2. Let u be g(-4). Calculate the greatest common factor of u and 50.
10
Suppose -6*i + 2*i = -x + 10, -2*i - 12 = -4*x. Let n be ((-4)/(-3))/(i/(-3)). Calculate the highest common factor of n and 16.
2
Let c = 